culate d(f).
3
Let b(o) = o + 1. Let r(j) = -20*j - 23. Let i(w) = -7*w - 8. Let n(l) = -17*i(l) + 6*r(l). Let s(f) = 4*b(f) + 3*n(f). Determine s(3).
1
Let u(j) be the first derivative of -1/2*j**2 - 7 - 5*j. Give u(6).
-11
Let q(c) be the first derivative of 1/3*c**3 + 3 - 3*c**2 + 5*c. Suppose 0 = -3*h + 26 - 8. What is q(h)?
5
Let s(q) = -4*q**3 - 7*q**2 + 7*q. Let r(p) = -2*p**3 - p + 10*p - 3*p**3 - p - 8*p**2. Let n(v) = 5*r(v) - 6*s(v). Give n(2).
-4
Suppose 6*d - 2*d - 12 = -3*g, 4*g - 3 = -d. Let r(u) = -2*u + 5 - 4 + 2*u**3 - 7*u**d. Let p be 10/14 - (-2)/7. What is r(p)?
-6
Let r(b) be the first derivative of -b**2/2 + 1. Suppose -2*j = -4*j + 12. Suppose -19 = -11*w + j*w - 3*i, 0 = -i + 3. Determine r(w).
-2
Let g(k) = k**2 - k - 1. Let v(s) = 6*s**2 - 12*s + 4. Let p(n) = 5*g(n) - v(n). Suppose -4*z + 2*q = -0*z - 18, -5*z + q + 27 = 0. Calculate p(z).
-3
Let c(z) be the second derivative of -z**3/6 - z**2/2 - z. Determine c(-4).
3
Let q(n) = -n**3 - 7*n**2 + 5*n - 3. Let g(m) = -m**2 - m. Let h be 7/3 + 2/(-6). Let s(r) = h*g(r) - q(r). Calculate s(-6).
9
Let z(l) = -l + 2. Suppose 0 = -5*y + 2*m + 9, 4*y = -m - 2*m - 2. Give z(y).
1
Let v be 158/(-3)*3/(-2). Suppose 4*g - v = 2*h - 3, h = g - 41. Let j be (-8)/h + (-40)/(-22). Let q(p) = p**2 - 2*p - 1. Calculate q(j).
-1
Let l(q) = q + 4. Let j be l(3). Let i be j/1 + 4/(-1). Let o(z) = 3*z - 3. Determine o(i).
6
Let j be ((-3)/4)/((-1)/(-4)). Let k be j/12 + 21/4. Let g(y) be the third derivative of -y**5/60 + y**4/12 + 7*y**3/6 + y**2. Give g(k).
-8
Suppose 5*j = -4*x + 20, -x = 3*x. Suppose -j*t + 4 = 16, -4*o - 5*t = 31. Let a(q) = q**3 + 3*q**2 - 4*q - 3. Determine a(o).
-3
Let z(x) be the first derivative of 2*x**2 - 2*x + 38. What is z(-5)?
-22
Let q(u) = -u - 5. Let m be q(0). Let x(t) = -t**3 - 11*t**2 - 7*t + 3. Let o(c) = -c**3 - 12*c**2 - 8*c + 3. Let b(h) = -6*o(h) + 7*x(h). Give b(m).
8
Suppose -5*s - b = 27, -2*s - 6 = 5*b + 14. Let y(a) be the first derivative of a**2 + 4*a + 2. Give y(s).
-6
Let h(n) = 2 + n**2 + 9 - 2 - 6. What is h(0)?
3
Suppose 0*q = 3*q + 4*d - 11, -4*q - d - 7 = 0. Let o be 2/4*(-8 - -8). Let i(p) = -2*p - 18 + p**3 + 21 + o*p**3 + 2*p**2. Determine i(q).
0
Let n(k) = k - 8. Let s(o) be the second derivative of -o**4/12 + 5*o**3/6 - 5*o**2 + 5*o. Let p be s(4). Calculate n(p).
-14
Let t(v) = v + 51 - 20 - 12 - 13. What is t(-6)?
0
Let u(c) = -1 - 21*c + 23*c + 0. Suppose z = -4*z - 5. Determine u(z).
-3
Suppose -4*b + w - 9 = 0, 2*w + 9 = -w. Let z(t) be the third derivative of -t**5/60 - t**4/24 + t**3/2 + 5*t**2. Determine z(b).
-3
Suppose x = 5*y - 8, 0*x = -2*y - x + 6. Let w = y - 0. Let v(r) = -4 + r + 3 + w*r**2 + 0*r. What is v(-2)?
5
Let u(t) be the third derivative of -t**5/60 - t**4/3 - 2*t**3/3 + 7*t**2. Calculate u(-8).
-4
Let z = 4 - 8. Let l = 0 + z. Let v = 5 + l. Let y(r) = -4*r - 1. Calculate y(v).
-5
Let d(t) = -t**2 + 4*t + 5. Let c be d(5). Suppose 4 = 5*w - 3*w. Let m(y) = y**w + 0*y**3 - y**3 - 2*y + 0*y**3 + 6 + y. Give m(c).
6
Let c(w) be the first derivative of -w**4/4 + 7*w**3/3 - 3*w**2 + 3*w - 1. What is c(6)?
3
Let y(l) be the first derivative of l**3/3 - l + 6. Let p = 0 - -2. Calculate y(p).
3
Let y(c) = c - 7. Let m(s) = -2*s + 12. Let a(r) = -3*m(r) - 5*y(r). Determine a(6).
5
Let x(l) = -7 + 7 - l - 8. Calculate x(-8).
0
Let y be (-2)/7 + (-52)/14. Let g(b) be the first derivative of -2*b - b**2 + b + 15 + b**2 - b**2. Determine g(y).
7
Let p(z) be the second derivative of -z**5/20 - z**4/4 - 5*z**3/6 - z**2 + 2*z. Let s(o) = o**3 - 3*o**2 - 2*o + 3. Let l be s(3). Calculate p(l).
13
Let w(q) be the first derivative of 1/6*q**3 - 2*q**2 + q + 1/20*q**5 + 1/3*q**4 - 2. Let k(o) be the first derivative of w(o). Calculate k(-3).
2
Let d be ((-8)/12)/(1/(-3)). Let j(w) = 4*w - 2. Determine j(d).
6
Let p(a) = -a - 9. Let y = -6 - -6. Let v be (0 - y)/(2/(-2)). Give p(v).
-9
Let m(f) = 1. Let v(g) = g + 1. Let n(s) = 6*m(s) - v(s). Give n(5).
0
Let d(p) be the second derivative of -p**3/6 - 19*p**2/2 - 3*p. Let o be d(-9). Let r(c) = -c - 8. Let s be r(o). Let z(x) = -x - 2. What is z(s)?
-4
Let g(w) = 2*w**2 + 1 - 3*w + 8*w - w**2. Calculate g(-4).
-3
Let l be (-1 - -1) + -2 - 0. Let n = l + 6. Let c(t) = 0*t**3 - t**3 - 4 - t - n*t**2 + 0*t. Determine c(-4).
0
Let h(l) be the first derivative of -l**5/20 - l**4/24 + 3*l**2/2 - 3. Let o(g) be the second derivative of h(g). Determine o(1).
-4
Let x(z) = -z**2 + 2*z + 7. Let s = -6 + 14. Let n be 9/6*s/3. Let g(f) = 2*f - 3. Let h be g(n). What is x(h)?
-8
Let b(y) = y - 2. Suppose 5*m - 8 = -2*h, 5*h - 6 = m + 14. Let u = m + 0. Let s = u + -3. Give b(s).
-5
Let p(j) = -3*j**2 - 4*j + 5. Let s(v) = 4*v**2 + 5*v - 6. Let n(u) = 6*p(u) + 5*s(u). Calculate n(-2).
6
Let b(z) = -z**2 + 2*z. Let c be b(2). Let k(n) = c*n + 0 - 2 - 1 - n. Determine k(-5).
2
Let c(f) = f**2 + 3*f. Suppose 8 = 6*z - 2*z. Let o = z + -6. Give c(o).
4
Let i(v) be the first derivative of 1 + v**2 - 1/3*v**3 - 2*v. Let o(s) be the first derivative of i(s). Give o(-2).
6
Let a be (-1)/(7/3 + -2). Let z(g) be the first derivative of g**3/3 - g**2/2 - g - 52. Give z(a).
11
Suppose -4*k - 3*d = -0*d - 5, 2*d = -4*k + 6. Let t(q) = 2*q - 3. Let u(n) = n - 2. Let a(f) = -3*t(f) + 4*u(f). Determine a(k).
-3
Let g(f) = -f + 2. Let l be g(0). Suppose -12 = l*y + 2*y. Let t(v) = v**2 - 3. Calculate t(y).
6
Let p(f) = -4 - 3*f + 7 - 8*f**2 + 6 - 1. Let g(d) = -7*d**2 - 3*d + 7. Let w(u) = -6*g(u) + 5*p(u). Let n(x) be the first derivative of w(x). What is n(-2)?
-5
Let l = 35 + -34. Let n(d) = d - 1. Calculate n(l).
0
Let d be (15/9)/(3/9). Suppose -2*x = -3*t + 2*t, -d*t + 3*x = 0. Let f(l) = l**3 + l - 3. What is f(t)?
-3
Let y(j) = -j**2 + 7*j - 3. Suppose -a + 4 = a. Suppose -a*p + 0 = -4*v - 26, -5*p + 4*v = -35. Suppose -4*u = 6 - 26, p*u = -2*k + 27. What is y(k)?
3
Let g be 12 - (0 - 4/2). Let q = g + -10. Let t(s) = s - 7. Let j(u) = u - 8. Let o(p) = -6*j(p) + 7*t(p). Give o(q).
3
Let l(u) be the first derivative of -u**3/3 + 3*u**2 + 9*u + 1. Let v be l(7). Let x(n) = -n**2 - 5 + 2*n + 0 + 5. Calculate x(v).
0
Let i(q) = -q**3 - q - 7. Let b = 63 - 63. Calculate i(b).
-7
Let n(h) = -h**3 + 6*h**2 - 2*h + 1. Suppose 3*b - 21 = -6. What is n(b)?
16
Let m(o) be the third derivative of o**4/24 + 5*o**3/6 + o**2. Let u = -29 + 29. Calculate m(u).
5
Let w(s) be the second derivative of 1/3*s**3 + 3*s**2 + s + 0. Calculate w(-5).
-4
Let f(y) be the third derivative of -y**7/2520 - y**6/720 + y**5/120 - y**4/24 + 4*y**2. Let u(j) be the second derivative of f(j). Calculate u(1).
-1
Let c(t) = -t**3 - 10*t**2 - 10*t - 13. Let k be ((-94)/(-282))/(-1*(-1)/(-27)). Calculate c(k).
-4
Let z(j) be the third derivative of -j**6/120 + j**5/6 - 3*j**4/8 - 5*j**3/6 + 8*j**2. What is z(9)?
-5
Suppose -2*o + 3*x + 17 = 0, 2*x - 26 = -o + 7*x. Let a(v) = 24*v**2. What is a(o)?
24
Let j(w) = -w**3 - w**2 + 4*w - 3. Let h be (5/((-5)/4))/2. Let t(b) = 2*b**2 + 4*b + 2. Let g be t(h). Give j(g).
-7
Suppose 4*i + 5*h - 15 = -i, -5*i = 2*h - 12. Let p(g) = 3*g + g**2 - 2*g**i + g. Give p(3).
3
Let g(z) = -z**3 - 10*z**2 - 9*z. Let x be g(-9). Let h(u) = -u + 1. Give h(x).
1
Let y(b) be the second derivative of -b**4/6 - b**3/2 - b**2/2 + b. What is y(-2)?
-3
Let h be -6 + (0 + -2)/2. Let y(z) = z + 2. Let n(f) = 2*f + 3. Let i(l) = h*y(l) + 4*n(l). What is i(3)?
1
Let m be (11 - 10) + (-8 - -1). Let h(p) = 2*p - 8. What is h(m)?
-20
Let g(i) = -6*i**3 + 11*i - 3. Let c(m) = m**3 + m**2 - m - 1. Let w(a) = -5*c(a) - g(a). What is w(6)?
8
Let u(y) be the third derivative of y**5/60 - y**4/12 - y**3/3 - 10*y**2. Give u(2).
-2
Let t = -14 - -20. Let v(w) = w - 9. Calculate v(t).
-3
Let v(s) = 113 + 6*s + 114 - 231. Give v(3).
14
Let m(x) = x**3 - 2*x**2. Let u(r) = 2*r + 27. Let w be u(-12). Calculate m(w).
9
Let x(a) = 3*a**2 - 3*a + 4. Let p(s) = 0 - 3 + 1 + 2*s**2 - 2*s + 4. Let d(y) = -5*p(y) + 3*x(y). Calculate d(0).
2
Let z = -74 - -74. Let c(w) be the third derivative of z*w - 1/120*w**6 - 1/20*w**5 + 0 + 3*w**2 + 0*w**4 + 2/3*w**3. Give c(-3).
4
Let d(j) be the first derivative of j**4/4 + 2*j**3 + 7*j**2/2 + 3*j + 14. Suppose -p = 4*p + 25. Calculate d(p).
-7
Let m(y) = -8*y**2. Suppose -3*n - 4 = -7*n. 